hat is 1514 (base 6) in base 15?
1c1
102102122 (base 3) to base 2
10000010001101
Convert 10012110 (base 3) to base 4.
210132
Convert 2332 (base 4) to base 12.
13a
-342e (base 16) to base 2
-11010000101110
What is 100011010 (base 2) in base 11?
237
What is -30a (base 12) in base 7?
-1201
What is 430 (base 9) in base 16?
15f
What is -527d (base 16) in base 8?
-51175
What is -5ac (base 15) in base 12?
-8b3
Convert -213 (base 4) to base 7.
-54
What is 12443 (base 7) in base 8?
6362
Convert 2420 (base 7) to base 9.
1205
What is 490 (base 13) in base 7?
2212
What is 3012311 (base 5) in base 2?
1011101011010111
1100110011111 (base 2) to base 13
2ca7
Convert 22111210 (base 3) to base 6.
44420
Convert -49321 (base 10) to base 3.
-2111122201
Convert -27401 (base 8) to base 5.
-341113
Convert 51 (base 7) to base 2.
100100
1162 (base 12) to base 5
30241
What is 1000101111 (base 2) in base 6?
2331
Convert 120532 (base 6) to base 15.
31e8
What is a3a (base 11) in base 7?
3440
112211020 (base 3) to base 16
2a36
Convert 45620 (base 8) to base 4.
10232100
Convert b6 (base 15) to base 5.
1141
2424 (base 5) to base 12
264
What is 2053 (base 9) in base 6?
10550
Convert 123a6 (base 11) to base 14.
66a2
-1286 (base 12) to base 16
-846
Convert -243 (base 5) to base 2.
-1001001
3396 (base 11) to base 7
16002
What is -1355 (base 7) in base 13?
-31a
Convert 10110100101 (base 2) to base 15.
665
-10010110000100 (base 2) to base 8
-22604
-34c6 (base 15) to base 12
-65a3
Convert -22565 (base 7) to base 13.
-2828
1bd (base 15) to base 5
3103
What is -249d6 (base 14) in base 6?
-1531320
Convert 203112 (base 4) to base 16.
8d6
What is -2110300 (base 4) in base 8?
-22460
Convert -214 (base 12) to base 6.
-1224
1747 (base 11) to base 2
100010110101
Convert -1195 (base 11) to base 2.
-11000010100
What is -30101 (base 7) in base 9?
-10848
What is -32232 (base 7) in base 5?
-224020
30b (base 13) to base 7
1340
What is a59d (base 15) in base 8?
104317
What is -1266 (base 12) in base 9?
-2776
1511242 (base 6) to base 8
252152
-4aa4 (base 12) to base 10
-8476
Convert 1003303 (base 4) to base 11.
3295
What is 11113132 (base 4) in base 5?
1200412
-614 (base 12) to base 2
-1101110000
Convert -55224 (base 7) to base 10.
-13836
What is -778 (base 14) in base 10?
-1478
Convert -3673 (base 14) to base 12.
-5605
4669 (base 16) to base 10
18025
What is -25560 (base 11) in base 14?
-d4ac
Convert 330040 (base 6) to base 8.
65150
Convert 55c (base 15) to base 6.
5340
Convert 21011010 (base 3) to base 4.
1101132
-530 (base 14) to base 2
-1111111110
Convert 45030 (base 6) to base 10.
6282
7976 (base 14) to base 16
5254
What is -cc6 (base 14) in base 2?
-100111011110
Convert 29827 (base 10) to base 13.
10765
Convert -1114 (base 10) to base 14.
-598
Convert 14188 (base 13) to base 4.
21023332
What is 111001000110 (base 2) in base 6?
24530
Convert -1102002002 (base 3) to base 5.
-1342013
What is 26b7 (base 12) in base 3?
20010011
319 (base 15) to base 16
2bb
-13ab (base 16) to base 6
-35151
-3a434 (base 11) to base 13
-20398
What is -cd (base 15) in base 5?
-1233
10336 (base 9) to base 5
204322
Convert -856 (base 11) to base 16.
-405
8e5e (base 15) to base 6
351555
Convert -4360 (base 9) to base 4.
-302031
What is 101101000010 (base 2) in base 10?
2882
What is -bed (base 15) in base 3?
-10200221
Convert 1202 (base 7) to base 9.
542
Convert 6b1d (base 16) to base 4.
12230131
-2160 (base 9) to base 7
-4434
-11000110110001 (base 2) to base 8
-30661
What is 11001010101 (base 2) in base 16?
655
What is -a9d (base 15) in base 9?
-3254
Convert -c7 (base 14) to base 11.
-14a
What is -10010000 (base 2) in base 10?
-144
245 (base 10) to base 6
1045
-10001100000 (base 2) to base 5
-13440
What is -464 (base 9) in base 10?
-382
What is 223 (base 11) in base 13?
177
-7b66 (base 15) to base 2
-110011001010100
Convert 226 (base 7) to base 3.
11101
2aab (base 12) to base 14
1b91
What is -222251 (base 6) in base 5?
-1044204
-110012212 (base 3) to base 5
-241111
-211002212 (base 3) to base 13
-7448
82c (base 16) to base 12
1264
Convert -16032 (base 7) to base 11.
-3405
What is 5 (base 11) in base 13?
5
-21af (base 16) to base 8
-20657
Convert -544 (base 9) to base 8.
-675
Convert 111201 (base 4) to base 3.
1220000
What is -1526 (base 7) in base 11?
-503
422 (base 13) to base 3
222002
What is 716 (base 14) in base 11?
1056
Convert -1230 (base 6) to base 9.
-370
What is 212 (base 3) in base 5?
43
-102 (base 11) to base 10
-123
What is -21000022 (base 3) in base 7?
-20621
What is -447 (base 14) in base 2?
-1101001111
What is -855 (base 11) in base 7?
-2666
5444 (base 7) to base 9
2588
Convert 301 (base 5) to base 6.
204
-470 (base 9) to base 12
-283
Convert -1ba (base 12) to base 3.
-101121
What is 1101111100 (base 2) in base 15?
3e7
Convert 37b4 (base 16) to base 9.
21504
What is -25140 (base 9) in base 15?
-5009
What is 91d8 (base 16) in base 7?
213565
166 (base 15) to base 3
102220
Convert -2210021001 (base 3) to base 9.
-83231
378 (base 13) to base 5
4411
558 (base 13) to base 5
12133
30013211 (base 4) to base 7
264500
Convert 295 (base 12) to base 13.
24b
-55727 (base 8) to base 6
-300503
Convert 2024 (base 6) to base 10.
448
Convert -401 (base 10) to base 15.
-1bb
209 (base 15) to base 6
2043
What is 15160 (base 7) in base 13?
1bb8
Convert 5a16 (base 12) to base 5.
310343
What is -5ab (base 13) in base 10?
-986
What is -222110002 (base 3) in base 6?
-225132
6c01 (base 14) to base 5
1100232
What is 9494 (base 12) in base 9?
24244
What is -13151 (base 8) in base 15?
-1a77
Convert -75 (base 10) to base 3.
-2210
-425 (base 11) to base 14
-287
1241 (base 10) to base 7
3422
Convert 7971 (base 10) to base 11.
5a97
Convert 380 (base 15) to base 7.
2214
What is 1031 (base 15) in base 3?
11200201
-1bcf (base 16) to base 11
-5392
What is -1756 (base 16) in base 5?
-142344
684 (base 9) to base 8
1062
1101010 (base 2) to base 9
127
5126 (base 10) to base 2
1010000000110
Convert 3751 (base 11) to base 9.
6640
Convert 10100 (base 3) to base 2.
1011010
Convert -10 (base 5) to base 7.
-5
-643 (base 10) to base 14
-33d
What is 49966 (base 10) in base 6?
1023154
What is 4aa (base 11) in base 9?
741
-844 (base 9) to base 2
-1010110000
-222031 (base 4) to base 12
-1691
-355 (base 13) to base 2
-1001000001
What is 100221032 (base 4) in base 5?
4140144
Convert 10100000001 (base 2) to base 11.
a65
Convert -2738 (base 10) to base 5.
-41423
53045 (base 6) to base 16
1bf5
Convert -10101001 (base 2) to base 8.
-251
What is 2027 (base 11) in base 4?
222003
Convert -170 (base 8) to base 5.
-440
-936 (base 13) to base 9
-2130
Convert -11110110 (base 2) to base 15.
-116
What is -51031 (base 7) in base 10?
-12370
Convert a6aa (base 12) to base 7.
104164
What is -1211202 (base 3) in base 12?
-93b
What is 332013 (base 4) in base 14?
163d
-221010 (base 3) to base 5
-10203
Convert -20a (base 16) to base 2.
-1000001010
241 (base 13) to base 14
1dd
403 (base 11) to base 6
2131
What is 17ba (base 12) in base 9?
3847
Convert -782 (base 15) to base 4.
-122201
8d41 (base 15) to base 13
10858
Convert -246 (base 13) to base 16.
-18c
What is -40533 (base 6) in base 4?
-1110021
Convert 10100 (base 3) to base 5.
330
235 (base 9) to base 4
3002
2661 (base 7) to base 13
609
Convert -10122022 (base 3) to base 15.
-bbe
-22652 (base 9) to base 7
-62030
-2757 (base 9) to base 5
-31302
-13726 (base 8) to base 9
-8330
Convert 125b (base 15) to base 6.
30035
-246 (base 14) to base 16
-1c6
410 (base 5) to base 4
1221
Convert 8486 (base 11) to base 12.
65b6
Convert 2593 (base 12) to base 8.
10277
4062 (base 7) to base 8
2610
Convert 2102201001 (base 3) to base 6.
1005431
What is -59ee (base 16) in base 4?
-11213232
Convert 26580 (base 10) to base 7.
140331
Convert -30b (base 13) to base 5.
-4033
Convert -1032 (base 10) to base 15.
-48c
acd (base 14) to base 5
32031
-1048 (base 11) to base 6
-10223
What is 42a (base 15) in base 6?
4204
Convert 110012022 (base 3) to base 6.
105055
Convert 1242 (base 15) to base 2.
111100101111
Convert 15215 (base 8) to base 16.
1a8d
Convert -42141 (base 10) to base 7.
-233601
-2aa (base 13) to base 7
-1252
11101101011011 (base 2) to base 10
15195
Convert ccc (base 15) to base 4.
231030
What is -10232122 (base 4) in base 15?
-5b04
What is